{"id":11,"date":"2021-04-16T15:11:06","date_gmt":"2021-04-16T15:11:06","guid":{"rendered":"https:\/\/tritonus.de\/?page_id=11"},"modified":"2025-02-18T11:29:06","modified_gmt":"2025-02-18T11:29:06","slug":"ueber-uns","status":"publish","type":"page","link":"https:\/\/tritonus.de\/?page_id=11","title":{"rendered":"\u00dcber uns"},"content":{"rendered":"\n<p class=\"has-text-align-left\">Im Juli 1987 wurde die Tritonus Musikproduktion GmbH von Peter Laenger, Stephan Schellmann und Andreas Neubronner in Stuttgart gegr\u00fcndet. Im Jahre 1990 trat mit Markus Heiland ein weiteres Mitglied in das Tritonus-Team ein. 2021 traten Stephan Schellmann und in 2025 Peter Laenger in den Ruhestand und schieden aus der TRITONUS Musikproduktion GmbH aus.<\/p>\n\n\n\n<p class=\"has-text-align-left\">Ausschlaggebend f\u00fcr die Gr\u00fcndung von TRITONUS war die Idee, Aufnahmen h\u00f6chster Qualit\u00e4t im Bereich klassischer Musik anzubieten. Voraussetzung daf\u00fcr ist die kompromisslose Verwendung modernster Studiotechnik und deren verantwortungsvoller Einsatz bei der Klangbalance. Dazu geh\u00f6rt auch die Auswahl akustisch hervorragender Aufnahmer\u00e4ume. Die flexible mobile Aufnahmetechnik ist an jedem Ort im In- und Ausland einsetzbar.<\/p>\n\n\n\n<hr class=\"wp-block-separator has-text-color has-black-color has-css-opacity has-black-background-color has-background\"\/>\n\n\n\n<div class=\"wp-block-columns is-layout-flex wp-container-core-columns-is-layout-1 wp-block-columns-is-layout-flex\">\n<div class=\"wp-block-column is-layout-flow wp-block-column-is-layout-flow\"><div class=\"wp-block-image\">\n<figure class=\"aligncenter size-large\"><img loading=\"lazy\" decoding=\"async\" width=\"188\" height=\"188\" src=\"https:\/\/tritonus.de\/wp-content\/uploads\/2021\/05\/Markus-1-edited.png\" alt=\"\" class=\"wp-image-392\" srcset=\"https:\/\/tritonus.de\/wp-content\/uploads\/2021\/05\/Markus-1-edited.png 188w, https:\/\/tritonus.de\/wp-content\/uploads\/2021\/05\/Markus-1-edited-150x150.png 150w\" sizes=\"auto, (max-width: 188px) 100vw, 188px\" \/><\/figure><\/div>\n\n\n<p class=\"has-text-align-center\" style=\"font-size:18px\">MARKUS HEILAND<\/p>\n<\/div>\n\n\n\n<div class=\"wp-block-column is-layout-flow wp-block-column-is-layout-flow\">\n<p>Aber nicht nur dieser technische Aspekt ist allein ausschlaggebend f\u00fcr das Gelingen einer guten Aufnahme. Der K\u00fcnstler und der Produzent sollen sich in jedem Stadium der Produktion vom Tonmeister begleitet f\u00fchlen in musikalischer, klang\u00e4sthetischer und technischer Hinsicht. Eine inspirierende Atmosph\u00e4re und gegenseitiges Vertrauen sind die Garantie f\u00fcr ein gelungenes Endresultat.<\/p>\n<\/div>\n\n\n\n<div class=\"wp-block-column is-layout-flow wp-block-column-is-layout-flow\"><div class=\"wp-block-image is-resized\">\n<figure class=\"aligncenter size-large\"><img loading=\"lazy\" decoding=\"async\" width=\"852\" height=\"850\" src=\"https:\/\/tritonus.de\/wp-content\/uploads\/2021\/05\/Andreas-edited-1.jpg\" alt=\"\" class=\"wp-image-391\" style=\"width:192px;height:auto\" srcset=\"https:\/\/tritonus.de\/wp-content\/uploads\/2021\/05\/Andreas-edited-1.jpg 852w, https:\/\/tritonus.de\/wp-content\/uploads\/2021\/05\/Andreas-edited-1-300x300.jpg 300w, https:\/\/tritonus.de\/wp-content\/uploads\/2021\/05\/Andreas-edited-1-150x150.jpg 150w, https:\/\/tritonus.de\/wp-content\/uploads\/2021\/05\/Andreas-edited-1-768x766.jpg 768w\" sizes=\"auto, (max-width: 852px) 100vw, 852px\" \/><\/figure><\/div>\n\n\n<p class=\"has-text-align-center\" style=\"font-size:18px\">ANDREAS NEUBRONNER<\/p>\n<\/div>\n<\/div>\n\n\n\n<p class=\"has-text-align-left\"><br><\/p>\n","protected":false},"excerpt":{"rendered":"<p>Im Juli 1987 wurde die Tritonus Musikproduktion GmbH von Peter Laenger, Stephan Schellmann und Andreas Neubronner in Stuttgart gegr\u00fcndet. Im Jahre 1990 trat mit Markus Heiland ein weiteres Mitglied in das Tritonus-Team ein. 2021 traten Stephan Schellmann und in 2025 Peter Laenger in den Ruhestand und schieden aus der TRITONUS Musikproduktion GmbH aus. Ausschlaggebend f\u00fcr [&hellip;]<\/p>\n","protected":false},"author":1,"featured_media":0,"parent":0,"menu_order":0,"comment_status":"closed","ping_status":"closed","template":"","meta":{"ocean_post_layout":"","ocean_both_sidebars_style":"","ocean_both_sidebars_content_width":0,"ocean_both_sidebars_sidebars_width":0,"ocean_sidebar":"0","ocean_second_sidebar":"0","ocean_disable_margins":"enable","ocean_add_body_class":"","ocean_shortcode_before_top_bar":"","ocean_shortcode_after_top_bar":"","ocean_shortcode_before_header":"","ocean_shortcode_after_header":"","ocean_has_shortcode":"","ocean_shortcode_after_title":"","ocean_shortcode_before_footer_widgets":"","ocean_shortcode_after_footer_widgets":"","ocean_shortcode_before_footer_bottom":"","ocean_shortcode_after_footer_bottom":"","ocean_display_top_bar":"default","ocean_display_header":"default","ocean_header_style":"","ocean_center_header_left_menu":"0","ocean_custom_header_template":"0","ocean_custom_logo":0,"ocean_custom_retina_logo":0,"ocean_custom_logo_max_width":0,"ocean_custom_logo_tablet_max_width":0,"ocean_custom_logo_mobile_max_width":0,"ocean_custom_logo_max_height":0,"ocean_custom_logo_tablet_max_height":0,"ocean_custom_logo_mobile_max_height":0,"ocean_header_custom_menu":"0","ocean_menu_typo_font_family":"0","ocean_menu_typo_font_subset":"","ocean_menu_typo_font_size":0,"ocean_menu_typo_font_size_tablet":0,"ocean_menu_typo_font_size_mobile":0,"ocean_menu_typo_font_size_unit":"px","ocean_menu_typo_font_weight":"","ocean_menu_typo_font_weight_tablet":"","ocean_menu_typo_font_weight_mobile":"","ocean_menu_typo_transform":"","ocean_menu_typo_transform_tablet":"","ocean_menu_typo_transform_mobile":"","ocean_menu_typo_line_height":0,"ocean_menu_typo_line_height_tablet":0,"ocean_menu_typo_line_height_mobile":0,"ocean_menu_typo_line_height_unit":"","ocean_menu_typo_spacing":0,"ocean_menu_typo_spacing_tablet":0,"ocean_menu_typo_spacing_mobile":0,"ocean_menu_typo_spacing_unit":"","ocean_menu_link_color":"","ocean_menu_link_color_hover":"","ocean_menu_link_color_active":"","ocean_menu_link_background":"","ocean_menu_link_hover_background":"","ocean_menu_link_active_background":"","ocean_menu_social_links_bg":"","ocean_menu_social_hover_links_bg":"","ocean_menu_social_links_color":"","ocean_menu_social_hover_links_color":"","ocean_disable_title":"default","ocean_disable_heading":"default","ocean_post_title":"","ocean_post_subheading":"","ocean_post_title_style":"","ocean_post_title_background_color":"","ocean_post_title_background":0,"ocean_post_title_bg_image_position":"","ocean_post_title_bg_image_attachment":"","ocean_post_title_bg_image_repeat":"","ocean_post_title_bg_image_size":"","ocean_post_title_height":0,"ocean_post_title_bg_overlay":0.5,"ocean_post_title_bg_overlay_color":"","ocean_disable_breadcrumbs":"default","ocean_breadcrumbs_color":"","ocean_breadcrumbs_separator_color":"","ocean_breadcrumbs_links_color":"","ocean_breadcrumbs_links_hover_color":"","ocean_display_footer_widgets":"default","ocean_display_footer_bottom":"default","ocean_custom_footer_template":"0","footnotes":""},"class_list":["post-11","page","type-page","status-publish","hentry","entry"],"_links":{"self":[{"href":"https:\/\/tritonus.de\/index.php?rest_route=\/wp\/v2\/pages\/11","targetHints":{"allow":["GET"]}}],"collection":[{"href":"https:\/\/tritonus.de\/index.php?rest_route=\/wp\/v2\/pages"}],"about":[{"href":"https:\/\/tritonus.de\/index.php?rest_route=\/wp\/v2\/types\/page"}],"author":[{"embeddable":true,"href":"https:\/\/tritonus.de\/index.php?rest_route=\/wp\/v2\/users\/1"}],"replies":[{"embeddable":true,"href":"https:\/\/tritonus.de\/index.php?rest_route=%2Fwp%2Fv2%2Fcomments&post=11"}],"version-history":[{"count":15,"href":"https:\/\/tritonus.de\/index.php?rest_route=\/wp\/v2\/pages\/11\/revisions"}],"predecessor-version":[{"id":502,"href":"https:\/\/tritonus.de\/index.php?rest_route=\/wp\/v2\/pages\/11\/revisions\/502"}],"wp:attachment":[{"href":"https:\/\/tritonus.de\/index.php?rest_route=%2Fwp%2Fv2%2Fmedia&parent=11"}],"curies":[{"name":"wp","href":"https:\/\/api.w.org\/{rel}","templated":true}]}}